
Evaluate -9 - (-13 + -3 + 10).
-3
-2 + (11 - (4 - -5))
0
What is the value of 7 + -3 + -4 + 3?
3
-2 + 14 + 1 + 1 + -7
7
Calculate 7 + (-25 + 4 + 0 - -5).
-9
Evaluate -4 - (1 + -3 - (15 - 18)).
-5
Calculate -10 + (4 - 6 - -7).
-5
-2 - ((-5 - -1) + 4)
-2
(-2 - -6) + (7 - 8)
3
Calculate 0 + 1 + (-11 - -6) + 2.
-2
Evaluate 1 + (13 - (5 + -1)).
10
Calculate -1 + 1 - 0 - (1 + 1).
-2
Calculate -2 - -4 - (7 + -1).
-4
What is 14 - 22 - (-7 - -1)?
-2
Evaluate 52 + -55 - (1 - 2).
-2
0 + (-9 - (1 + -9))
-1
What is (7 - (-2 - -4)) + -7?
-2
Calculate (-13 - (7 + -6) - -1) + 2.
-11
Evaluate 6 + -4 - (-2 - -1).
3
What is the value of 12 + -2 + (21 - 24)?
7
Calculate -7 - (-13 - (5 + -6)).
5
What is the value of 2 + -9 + 5 + (-3 - -4)?
-1
What is the value of 3 + (-4 + 0 - -4)?
3
1 + -1 - (0 - (4 + -4))
0
What is -3 + (5 - (9 + -9))?
2
-8 + 24 - 3 - 19
-6
What is -1 - 0 - (-5 - (-3 + -4))?
-3
What is the value of 22 + -17 - (15 - 3)?
-7
What is the value of 2 + -3 + 6 - 1?
4
Calculate (-1 - (3 + -4)) + 3 + -8.
-5
Evaluate -2 - ((-13 - -18) + (-5 - -2)).
-4
What is the value of (2 + -1 - (-14 + 17)) + -5?
-7
What is the value of (-1 - (-7 - -4)) + -4?
-2
Evaluate 4 + -5 + 5 + -2.
2
Evaluate -6 - (-29 + 4 + 6) - 6.
7
Evaluate (-8 - (-6 + 6)) + 5.
-3
Evaluate -23 + 38 - (16 - 4).
3
Calculate 5 + (-1 + -1 - (1 + -5)).
7
1 + -8 - (-16 + 14)
-5
What is 1 + (4 - (-14 + 21))?
-2
(0 - 0) + (2 - -1) - 0
3
Calculate -14 + 10 - (-1 - 5) - 6.
-4
7 + -3 + -9 + -1 + 4
-2
Evaluate 0 + -1 - (22 - 27).
4
What is the value of (-1 - 0) + (-4 - (0 - -1))?
-6
Calculate 19 + -23 + 6 + -1.
1
What is -4 + 2 + 7 + -6?
-1
Calculate (5 - (2 - 3)) + -21 + 22.
7
What is the value of -4 + 1 + (5 - (-5 - -2))?
5
Evaluate (2 - -1) + (-4 - -1).
0
Calculate 12 + -8 + (-5 - 1).
-2
Evaluate -2 - (0 + 2 - 0 - 5).
1
9 - -2 - (3 - (-11 - -9))
6
3 + (0 + -1 - 3 - 5)
-6
4 - (12 + -8 + -6)
6
(1 - (-2 + (-3 - -7))) + -3
-4
What is the value of 3 + (5 - 5) - (1 + -1)?
3
What is 3 - (6 - (-1 + 4))?
0
Evaluate (-3 - 1) + 11 + -4 + 1.
4
What is the value of (-12 - (3 - 7)) + 6?
-2
5 + (4 - 2) + 1 - 3
5
Evaluate (-18 - -13) + (-2 - -5).
-2
Evaluate -11 + -3 + (-1 - -11).
-4
Calculate 4 + -1 + -3 + 0 - -1.
1
-1 - 0 - (-7 + 6 + -3)
3
What is the value of -1 + 0 + (-4 - -2) + 3?
0
What is -22 + 9 - -7 - -12?
6
What is 12 + (-5 - -6) + -9?
4
(-1 - -3) + (3 - (1 + 6))
-2
What is -6 - -19 - 19 - 2?
-8
What is 10 - 13 - (-2 - 2)?
1
What is (-1 - 3) + 7 + -9?
-6
Evaluate 3 - 1 - (4 - 2).
0
0 - (11 - 11 - 6)
6
3 + -12 + 7 - -1
-1
Evaluate 5 + 0 - (-4 - (-1 - 6)).
2
Calculate 8 - (6 + -2) - (1 + 2).
1
What is -1 - -4 - (8 + -14 + 8)?
1
-10 + (-5 - 6 - -25)
4
Calculate (4 - (-8 + 2) - 2) + -10.
-2
What is -3 + 4 - (-5 + 1)?
5
(15 - 14 - (-1 - 2)) + -8
-4
(-4 - -7) + (2 - -2)
7
Evaluate -13 - -3 - (2 + 4) - -8.
-8
6 + -13 + 1 + 0 + -1
-7
What is the value of (1 - 5) + (-7 - -11)?
0
What is the value of 0 - -2 - 2 - -1?
1
What is the value of -71 - -59 - (-11 + -2)?
1
Calculate 2 + -3 + -2 + -1 + 8.
4
Calculate 7 + (-15 - (-12 + 5)).
-1
Calculate 27 + -39 + (21 - -1).
10
Calculate (-75 - -84) + (-8 - -1).
2
-14 + (1 - -8) + (1 - 0)
-4
61 + -65 - (-11 - 2)
9
Calculate (1 - (-5 - -5)) + -1.
0
What is (9 - 7) + -9 + 4?
-3
Evaluate -2 + -2 + -2 + -4 + 9.
-1
Evaluate 3 + -1 + (-1 + -2 - 1).
-2
Calculate 4 - (-4 + -4 - -11).
1
What is the value of 2 + -4 - (1 - (9 - 1))?
5
4 - -1 - 4 - (-14 - -15)
0
What is the value of 0 - 0 - (2 + -1 + 2)?
-3
What is -2 - (-1 + 2 + 6 + -6)?
-3
0 - (5 - 3) - (-5 + -1)
4
Evaluate 1 + (-8 - (0 + -4)).
-3
What is 4 + -7 + (12 + -1 - 3)?
5
Evaluate 1 - (8 + 4) - -3 - -5.
-3
What is the value of -1 + 1 + -1 + (-9 - -6)?
-4
Evaluate 1 - (0 + -4 - -12) - -2.
-5
What is -2 + (-21 - -18) + (-1 - -1)?
-5
What is the value of 10 + -16 + (-7 - -7) + -1?
-7
What is the value of 3 + -1 + -5 + 1?
-2
Evaluate 9 + -8 - (-9 + 3 + 3).
4
What is 10 - (-2 + 25 + -10)?
-3
What is -7 - -1 - (29 + -28) - -4?
-3
Evaluate 10 + 4 - (6 + -1).
9
What is the value of (8 - 21) + 1 + -2 + 7?
-7
What is -20 + 10 + 11 + 7?
8
Evaluate 3 - (3 + -1 + -2 + -1).
4
What is 0 + -1 - (10 - 18) - 3?
4
Evaluate -1 - (0 + 0) - -4.
3
(5 - 14) + 2 - -5
-2
Calculate 8 - (-4 + 20) - (4 + -2).
-10
-6 - ((0 - 2) + 1)
-5
(-8 - 2) + 13 - 5
-2
Calculate (-4 - -1) + 1 + -1 - 0.
-3
6 + -3 - (6 - 1 - -5)
-7
Calculate 10 - 2 - (0 + 9 - 4).
3
4 + 0 - (1 - (9 + -16))
-4
4 + (-2 - -5) - (3 + -1)
5
What is the value of 2 - (3 - 1 - -4)?
-4
What is -7 + 6 + 0 + -2?
-3
-556 + 559 - (0 + 0 + -1)
4
6 - 1 - (-11 - (-2 - 8))
6
What is (-4 - (5 - (-3 - -7))) + -2?
-7
Evaluate -5 + (2 - 4 - -5).
-2
Evaluate (-1 - -8) + -6 + 0.
1
Calculate (-3 - -3) + 4 + (-3 - -2).
3
Calculate -3 + (11 - 7) - -2.
3
(-1 - -11) + -42 + 28
-4
Calculate 2 + 5 + (2 - 18) + 3.
-6
What is the value of 7 - ((-14 - -18) + (-1 - 5))?
9
Evaluate -4 + -1 + 0 - 0.
-5
Calculate (3 - 8) + 2 + 6.
3
What is the value of -6 + -1 - -8 - 3?
-2
Calculate -3 - (-11 + (1 - -3)).
4
-5 - (-10 - (-4 + 0) - 3)
4
What is -10 + 8 + -2 + -12 + 18?
2
Calculate -9 + 3 + 5 - (0 - -3).
-4
Evaluate -7 + 10 + -2 + -4 + 1.
-2
(-7 - (3 + -7)) + 2 + -4
-5
17 - (24 + 12 + -23)
4
What is the value of -2 - 0 - 5 - -7?
0
What is the value of -6 + 8 + 3 + -9 - -11?
7
-6 + (-2 - -13) + 1
6
Evaluate 3 + -7 + 10 - (1 - -13).
-8
Evaluate -5 + (1 - 1) + 263 + -260.
-2
What is (-4 - (-3 + 4 + -5)) + 4?
4
-6 + (0 - 1) - (18 + -21)
-4
-5 + 2 + -4 - -3 - 2
-6
0 - 6 - (-2 + (5 - 6))
-3
Evaluate 1 - (-2 - -10) - (-12 - 1).
6
Evaluate -2 + 3 + -1 - (-12 - -14).
-2
What is the value of (-4 - 2) + (1 - (3 - 3))?
-5
What is the value of 11 + -6 + -4 - 6?
-5
(1 - 2) + (3 - 3)
-1
-7 - (9 + -6 + -16)
6
What is the value of 1 + 0 + (-10 - -17)?
8
Evaluate (-5 - 0) + (-3 - (4 - 7)).
-5
What is (4 - 13) + 6 - -5?
2
What is 7 - (11 - (-2 + 12))?
6
What is the value of -4 + 2 + -1 + 2 + 6?
5
What is 4 + -7 + 4 - 2?
-1
-1 + 1 + -1 + -5 - -2
-4
Calculate (2 - -1) + (-54 - -45).
-6
0 - 1 - (-6 - (-2 + -8))
-5
What is the value of 2 + (-8 - 2) - -11?
3
Calculate (2 - 6) + -2 + 1 + 3.
-2
What is -4 - (8 + -8 - (0 - 0))?
-4
What is -4 + 5 - 4 - -5?
2
(-13 - -8) + (-2 - (0 + -7))
0
What is 4 + (-5 - -2) + -6?
-5
What is the value of -6 - (2 + -4 - (6 - 4))?
-2
What is the value of 3 - ((-3 - -4 - 6) + 4)?
4
What is the value of -4 + 15 + -5 + -3 - 5?
-2
Evaluate -2 - (-8 + -6 + 0) - 6.
6
2 - (9 + -16 - -9)
0
-9 - (1 + -3) - (-2 - 1)
-4
What is the value of 7 - (6 + 2 + 5)?
-6
4 + (-3 - -9) + (2 - 6)
6
What is the value of -5 + ((-3 - -3) + 4 - 5)?
-6
What is the value of (-5 - -6) + (4 - -1) + -4?
2
What is the value of 2 + -5 - (3 - 3)?
-3
What is (5 - (-17 + 13)) + -17?
-8
4 + 5 + -6 + (4 - 5)
2
What is the value of -14 + 11 - -8 - (3 + -1)?
3
What is the value of -5 + (22 - 5) + -4?
8
What is (-7 - -6) + (-3 - -2)?
-2
Calculate -11 - 0 - (-5 + (-3 - -3)).
-6
(19 + -3 - (0 - -2)) + -6
8
What is the value of 3 + (2 - -1 - (9 + -8))?
5
Calculate (2 - (5 + 2)) + (1 - 0).
-4
What is the value of 24 + -6 + -14 - 14?
-10
Evaluate 0 + 3 - (1 - -7).
-5
Calculate 2 - 3 - (-9 + 6).
2
What is 5 + -6 - (2 - 1 - 0)?
-2
What is 7 - (1 + -1 + 0 + 3)?
4
Evaluate -1 + (-2 - -7) + 3 + -3.
4
Evaluate -10 + 1 + -4 + 3.
-10
What is the value of 3 + -8 + -23 + 27 - 2?
-3
-1 + 3 + (-2 - -4) - 0
4
What is 0 - 2 - (2 - 8)?
4
What is (-195 - -199) + (-10 - (-2 + 1))?
-5
What is 7 - 5 - (-1 - 2)?
5
Calculate -5 - 0 - (33 - 32).
-6
4 + -3 + (7 - 3)
5
What is the value of -36 + 12 - (-9 - 5)?
-10
2 - (5 + -9 - 0)
6
Calculate 10 + (0 - (12 + -8)).
6
What is the value of -4 + 4 + 3 - 1?
2
5 + -8 - (3 - (4 - 3))
-5
What is the value of 9 + -3 + -2 - -6?
10
Calculate 1 + (0 - (3 + -2)) - 4.
-4
Evaluate 3 - 5 - (-13 + 2 + 5).
4
1 + -5 + 2 + 2
0
What is the value of -2 + (5 - 2) - (4 - 4)?
1
What is -7 + 3 - (1 + (-1 - 3))?
-1
84 + -70 + -24 + 1
-9
1 + 6 + -4 - (-19 - -25)
-3
What is the value of 6 - ((5 - -2) + 8 + -2)?
-7
What is (9 - 1) + 11 + -10?
9
What is (-15 + 6 - (-2 + 0)) + 12?
5
Evaluate 2 + 3 - 3 - -4.
6
2 - (14 + -8) - (3 + -11)
4
Evaluate 7 + 2 - 8 - 5.
-4
What is 2 + 6 + -11 + 8?
5
What is the value of 5 - 4 - (-2 - (-1 - 0))?
2
Evaluate 6 - 0 - (19 + -14 + 6).
-5
What is the value of (-3 - (-10 + 8)) + (-3 - 0)?
-4
Calculate (10 - 15) + 3 + -1.
-3
What is -7 + 